51). What is the highest common divisor of 703 and o?
37
Let r = 35230 - 18765. Calculate the highest common divisor of 178 and r.
89
Let a be (0 + -1)/(22/11)*(-258 + 2). Let p = 250 - -38. What is the greatest common factor of p and a?
32
Let q(p) = -p**2 - 21*p + 4034. Let t be q(53). Calculate the highest common divisor of 8302 and t.
14
Suppose 35 - 53 = -6*a. Suppose -a*f + 41 = -4*z, -7*f + 6*f + 32 = -5*z. What is the greatest common divisor of 49 and f?
7
Let m(n) = n**3 + 13*n**2 + 7*n + 12. Let t be m(-12). Let l = 221 + -41. Calculate the highest common divisor of l and t.
36
Let d = 168 + -228. Let z = d - -79. Calculate the greatest common divisor of 19 and z.
19
Let a(i) = 2*i. Let o be a(-2). Let w(v) = -4*v + 4. Let j be w(o). Let u = -1964 - -1984. Calculate the highest common factor of j and u.
20
Let m be ((-3)/(-24)*-6)/(1/12). Let u be 215/45 + ((-2)/m - 0). What is the highest common divisor of u and 185?
5
Let b = -20 - -22. Suppose v + 2*d = 12, -2*v + b*d - 42 = -6*v. Calculate the greatest common factor of 2 and v.
2
Suppose -4*o - 523 - 125 = 0. Let c = 348 + -638. Let r = o - c. What is the highest common factor of 16 and r?
16
Suppose -76960 = -12*b + 2*b. Suppose -18*f + 31*f = b. Calculate the greatest common divisor of 74 and f.
74
Let u = 21 + -44. Suppose 3*f - 160 = -196. Let q = f - u. What is the highest common factor of q and 88?
11
Let m(j) = j**3 + 9*j**2 + 9*j + 11. Let d be m(-8). Let c = -13157 - -13400. What is the highest common divisor of c and d?
3
Let v be 0 - (3 - 3 - 4). Let u(k) = -k**3 + 3*k**2 + 6*k - 4. Let l be u(v). Suppose -l*r + 48 = -r. What is the highest common factor of r and 176?
16
Let f(s) = 2*s**2 - 10*s + 8. Let p be f(-17). What is the greatest common factor of 11844 and p?
252
Suppose -a + 9 = -8. Let j be -5 + 5 - -594 - 2. Suppose 5*o - 5*g - j = -2*g, -4*o = 2*g - 478. What is the highest common divisor of a and o?
17
Let i(x) be the first derivative of 105*x**2/2 - 2. Let q be i(1). Let m(b) = 1186*b - 31987. Let v be m(27). Calculate the highest common divisor of q and v.
35
Let q be (-5 - 2 - -19)*(-1 - -5). What is the highest common divisor of 516 and q?
12
Suppose 16359 = 25784*g - 25783*g. What is the highest common factor of g and 246?
123
Let m = 4430 + -4370. Calculate the greatest common divisor of 5910 and m.
30
Suppose 3*n - 306 = 21*n. Let t be 3 + n/(-34) + (-38)/(-4). Suppose 5*k - 720 + 5 = 0. What is the highest common factor of k and t?
13
Let a(z) = -6*z**2 + z + 1. Let k = 17 - 18. Let v be a(k). Let q be v/(-4)*(753/9 - -3). Calculate the greatest common divisor of q and 26.
26
Suppose -10*j = -19745 + 1195. What is the greatest common divisor of j and 455?
35
Let k be (-48)/192 + 145/4. Suppose -6*r + 9*r = 162. What is the highest common divisor of r and k?
18
Let f be (5 - 129/27) + (-983)/9. Let h = f + 144. What is the greatest common factor of h and 5?
5
Let p be 8/(-18) - 7412/(-153). Let t be (-69)/(-2) + p/32. What is the highest common divisor of t and 54?
18
Let f(d) = -24*d - 8. Let w be f(-2). Let i = 529 - 389. What is the highest common factor of w and i?
20
Let i = -147 - -543. Suppose -13*n = -4*n + i. Let y = n - -47. What is the greatest common divisor of y and 21?
3
Suppose -4*a + 5*i = -3729, 2*i - 689 + 4415 = 4*a. Calculate the greatest common factor of a and 228.
19
Let g = -111 + 113. Suppose -g*d + 42 = 30. What is the greatest common divisor of d and 33?
3
Suppose -4*b - 4*c = -12766 + 1314, -14315 = -5*b + 4*c. Calculate the greatest common factor of b and 7.
7
Let d(m) = -m**2 - 5*m + 42. Let t be d(4). Let a(v) = 2*v**2 - 8*v + 9. Let f be a(t). What is the highest common factor of 22 and f?
11
Suppose g + g - 330 = 0. Suppose 5*k + 280 + 205 = 7*p, -2*p - k = -107. What is the greatest common factor of p and g?
15
Suppose -5*w + 3*h = 134, 0 = 5*w - 2*w - 5*h + 74. Let n = w + 26. Let a = 25 - n. What is the greatest common divisor of a and 3?
3
Let h = 469 - 476. Let p(b) = -42*b - 289. Let t be p(h). Suppose 2*g - 6*g = -20. Calculate the highest common factor of t and g.
5
Let w(q) = 63*q**2 - 198*q - 21. Let x(n) = 9*n**2 - 28*n - 3. Let b(f) = -2*w(f) + 15*x(f). Let p be b(3). Calculate the greatest common divisor of 33 and p.
3
Let z = -7571 + 7583. What is the highest common divisor of 2316 and z?
12
Suppose 38*h - 290 - 470 = 0. What is the highest common divisor of h and 10?
10
Let l(a) be the first derivative of -3*a**2/2 - 28*a + 17. Let w be l(-9). Let y be -6*(-4 - (w + -1)). Calculate the greatest common divisor of y and 8.
4
Let g(z) = 4*z**2 - 5*z + 9. Let q(o) = -7*o**2 + 6*o - 9. Let k(b) = -3*g(b) - 4*q(b). Let u be k(2). What is the highest common factor of 25 and u?
5
Suppose 74*c = 69*c + 1005. Let x = -164 + c. What is the greatest common divisor of 925 and x?
37
Let o be ((-24)/(-10))/((-2)/(-15)). Let s = o - 2. Let f be (215 - 6)/19 + 5. Calculate the highest common factor of s and f.
16
Suppose 3*p = -4*w + 7, 378 = 4*p - 3*w + 327. What is the highest common factor of p and 12321?
9
Suppose 4*u - 1452 = -4*k, 0 = -4*k - 78*u + 76*u + 1446. What is the greatest common divisor of 600 and k?
120
Let f = -77 + 87. Let r(k) = -k + 25. Let v be r(20). Calculate the greatest common divisor of f and v.
5
Suppose -18*h + 170 + 262 = 0. Suppose 0 = 4*r - h - 16. What is the highest common factor of 95 and r?
5
Let q be 1332/7 + (-2)/(-14) + (-6)/14. What is the greatest common divisor of 1406 and q?
38
Let d(f) = 294*f. Let o be d(1). Let h be 1225/63 + 9 + (-24)/54. Calculate the greatest common factor of o and h.
14
Suppose -4*h = 2*l + 632, 3*h = 4*h - 2. Let r = l + 595. Calculate the highest common factor of 55 and r.
55
Let m = -616 - -1791. Calculate the greatest common factor of 94 and m.
47
Suppose 17*q - 19*q + 56 = 0. Let k be (-3528)/(-144)*78/21. Calculate the highest common divisor of k and q.
7
Suppose 1334 + 1576 = 5*r. What is the highest common divisor of 6 and r?
6
Suppose x = -3*x + u + 123, 0 = -x + 3*u + 17. Calculate the highest common divisor of 83 and x.
1
Suppose -4*i + 7 + 5 = 0, 2*o + 3*i = 1053. Let w be (-2)/(-7) + (o/(-14) - -1). Let z = w + 44. Calculate the greatest common factor of z and 20.
4
Suppose -31*j + 24*j = -2968. Suppose 7*r - 66 = j. Calculate the greatest common divisor of 105 and r.
35
Let t(l) = 2*l**2 + 29*l - 33. Let i be t(-16). Let s(c) = 2*c**2 - 25*c - 10. Let a be s(i). What is the highest common divisor of a and 130?
65
Let m(b) = 2*b**3 - 63*b**2 - 35*b - 1. Let u be m(32). Let t be (3 + -106)/(-2 + 1). Let y = u + t. Calculate the highest common factor of y and 96.
6
Let j = -15 + 17. Suppose o - 2*k = -j*o + 5, 0 = 3*o + 2*k + 11. Let s be o/((1 - 2)/8). Calculate the greatest common factor of s and 40.
8
Let a(c) = c**3 + 34*c**2 + 65*c + 502. Let t be a(-32). What is the greatest common factor of t and 3666?
94
Suppose 0 = 6*b - 2975 + 773. Let d = -303 + b. What is the greatest common factor of 576 and d?
64
Let x be 22/6*(-14 - (-28 - -18) - -127). Suppose -6 = -u + 5. Calculate the highest common divisor of x and u.
11
Let w = -6359 - -6371. Let k be -8*(-84)/(-8)*-1. Calculate the highest common factor of k and w.
12
Let x be 2/(-14) + (-10254)/(-42). Let c be (3/2)/(6/x). Let v = c + -33. What is the greatest common factor of v and 42?
14
Let r(q) = -q**2 + 4*q + 1. Let d be r(2). Suppose -3*l + 0*l = 4*h - 104, d = -5*h. Calculate the greatest common divisor of 168 and l.
12
Let o(l) be the second derivative of 12*l**5 + l**4/12 - 5*l**3/6 + 2*l**2 + 4*l - 1. Let f be o(1). Calculate the greatest common factor of 64 and f.
16
Let s = 65 - 63. Let p(l) = l**3 - 2*l**2 + 4*l - 2. Let n be p(s). Let a be 0 + 3 + -5 + n + 12. What is the highest common factor of 16 and a?
16
Let a(q) = -q**2 - 105*q - 856. Let c be a(-93). Calculate the greatest common divisor of 3140 and c.
20
Suppose 49*o + 99368 = 204226 + 100403. What is the highest common factor of 118 and o?
59
Suppose -35280 = 1016*z - 1072*z. What is the greatest common factor of z and 72?
18
Let z(y) = -127*y**3 + 4*y + 6. Let w be z(-1). Let c = -112 + w. What is the greatest common factor of 187 and c?
17
Suppose 90 - 594 = -21*n. Let m = 85 - 29. Calculate the greatest comm